{"id":24595,"date":"2021-11-08T16:22:24","date_gmt":"2021-11-08T16:22:24","guid":{"rendered":"https:\/\/cela.edu.mx\/preparatoria\/?page_id=24595"},"modified":"2025-02-10T14:38:31","modified_gmt":"2025-02-10T14:38:31","slug":"institucion","status":"publish","type":"page","link":"https:\/\/cela.edu.mx\/preparatoria\/institucion\/","title":{"rendered":"Institucion"},"content":{"rendered":"<div class=\"wpb-content-wrapper\"><p>[vc_row full_width=&#8221;stretch_row_content_no_spaces&#8221; content_placement=&#8221;middle&#8221; css=&#8221;.vc_custom_1636515480710{margin-top: 0px !important;padding-top: 0px !important;}&#8221;][vc_column css=&#8221;.vc_custom_1636510216009{margin-top: 0px !important;padding-top: 0px !important;}&#8221;][vc_row_inner css=&#8221;.vc_custom_1636515561561{margin-top: 0px !important;margin-bottom: 0px !important;padding-top: 0px !important;padding-bottom: 0px !important;}&#8221;][vc_column_inner width=&#8221;1\/2&#8243; css=&#8221;.vc_custom_1636515378192{background-image: url(https:\/\/cela.edu.mx\/preparatoria\/wp-content\/uploads\/2021\/11\/IMG_3084-min-scaled.jpg?id=24744) !important;background-position: center !important;background-repeat: no-repeat !important;background-size: cover !important;}&#8221;]<div class=\"clearboth\"><\/div><style>#thegem-divider-69e20ae34b991 {margin-top: 500px !important;}<\/style><div id=\"thegem-divider-69e20ae34b991\" class=\"gem-divider  \" style=\"\" ><\/div>[\/vc_column_inner][vc_column_inner width=&#8221;1\/2&#8243;][vc_column_text css=&#8221;.vc_custom_1636515425535{margin-top: 3% !important;padding-right: 5% !important;padding-left: 5% !important;}&#8221;]<\/p>\n<h3 style=\"text-align: center;\">MISI\u00d3N<\/h3>\n<p style=\"text-align: justify;\">La Preparatoria CELA provee educaci\u00f3n laica en el nivel medio superior, diplomados y seminarios desarrollando competencias, valores y habilidades sociales con personal altamente capacitado y con planes de estudio de alto rendimiento biling\u00fces \u2013 biculturales en ingl\u00e9s y espa\u00f1ol enriquecidos por expertos, acordes a las demandas actuales para dar un servicio de alta calidad a la sociedad en la que se desenvuelve.<\/p>\n<p>[\/vc_column_text][\/vc_column_inner][\/vc_row_inner][vc_row_inner css=&#8221;.vc_custom_1636388642869{margin-top: 0px !important;margin-bottom: 0px !important;padding-top: 0px !important;padding-bottom: 0px !important;}&#8221;][vc_column_inner width=&#8221;1\/2&#8243;][vc_column_text css=&#8221;.vc_custom_1636515432992{margin-top: 3% !important;padding-right: 5% !important;padding-left: 5% !important;}&#8221;]<\/p>\n<h3 style=\"text-align: center;\">VISI\u00d3N<\/h3>\n<p style=\"text-align: justify;\">Es reconocida como una de las mejores 5 escuelas de educaci\u00f3n media superior en Yucat\u00e1n, de alto rendimiento biling\u00fce y bicultural por el excelente nivel acad\u00e9mico y las competencias obtenidas por sus alumnos a lo largo del periodo formativo en la instituci\u00f3n y los resultados de sus egresados al ingresar a la educaci\u00f3n superior o al mercado laboral ya que se caracterizan por ser agentes promotores propositivos de mejoras sociales y ecol\u00f3gicas, emprendedores e innovadores.<\/p>\n<p>[\/vc_column_text][\/vc_column_inner][vc_column_inner width=&#8221;1\/2&#8243; css=&#8221;.vc_custom_1636390857388{background-image: url(https:\/\/cela.edu.mx\/preparatoria\/wp-content\/uploads\/2021\/11\/VISION.jpg?id=24599) !important;background-position: center !important;background-repeat: no-repeat !important;background-size: cover !important;}&#8221;]<div class=\"clearboth\"><\/div><style>#thegem-divider-69e20ae34b9fc {margin-top: 500px !important;}<\/style><div id=\"thegem-divider-69e20ae34b9fc\" class=\"gem-divider  \" style=\"\" ><\/div>[\/vc_column_inner][\/vc_row_inner][vc_row_inner css=&#8221;.vc_custom_1636510109460{margin-top: 0px !important;padding-top: 0px !important;}&#8221;][vc_column_inner width=&#8221;1\/2&#8243; css=&#8221;.vc_custom_1636390896140{background-image: url(https:\/\/cela.edu.mx\/preparatoria\/wp-content\/uploads\/2021\/11\/OBJETIVO.jpg?id=24600) !important;background-position: center !important;background-repeat: no-repeat !important;background-size: cover !important;}&#8221;]<div class=\"clearboth\"><\/div><style>#thegem-divider-69e20ae34ba30 {margin-top: 500px !important;}<\/style><div id=\"thegem-divider-69e20ae34ba30\" class=\"gem-divider  \" style=\"\" ><\/div>[\/vc_column_inner][vc_column_inner width=&#8221;1\/2&#8243;][vc_column_text css=&#8221;.vc_custom_1636515439549{margin-top: 3% !important;padding-right: 5% !important;padding-left: 5% !important;}&#8221;]<\/p>\n<h3 style=\"text-align: center;\">OBJETIVO<\/h3>\n<p style=\"text-align: justify;\">Facilitar al alumnado las herramientas acad\u00e9micas y actitudinales requeridas para el desarrollo de competencias que le permitir\u00e1n ingresar exitosamente a la instituci\u00f3n de estudios superiores que de acuerdo con su perfil, aptitudes y preferencias, ellos libremente elijan dentro de un contexto de desarrollo de valores humanos, responsabilidad social, innovaci\u00f3n, respeto al medio ambiente, uso de la tecnolog\u00eda y esp\u00edritu emprendedor, pudiendo migrar de un formato presencial a uno 100% online o a un esquema h\u00edbrido mixto de acuerdo a las necesidades del entorno.<\/p>\n<p>[\/vc_column_text][\/vc_column_inner][\/vc_row_inner][vc_column_text css=&#8221;.vc_custom_1636510283120{margin-top: 5% !important;background-color: #e5e5e5 !important;}&#8221;]<\/p>\n<h3 style=\"text-align: center;\">INSTALACIONES<\/h3>\n<p>[\/vc_column_text][vc_row_inner equal_height=&#8221;yes&#8221; content_placement=&#8221;middle&#8221;][vc_column_inner][vc_images_carousel images=&#8221;24601,24602,24603,24604,24605,24606,24607,24608,24609,24610,24613,24614,24615,24616,24617,24618,24621,24629,24630,24634,24635,24637,24638,24639,24640,25557,25558,25559,25560,25561,25562,25563,25564,25565,25566,25567,25568,25569,25570,25571,25572,25573,25574,25575,25576&#8243; img_size=&#8221;1200&#215;600&#8243; onclick=&#8221;link_no&#8221; mode=&#8221;vertical&#8221; speed=&#8221;2000&#8243; autoplay=&#8221;yes&#8221; hide_pagination_control=&#8221;yes&#8221; wrap=&#8221;yes&#8221; css=&#8221;.vc_custom_1697058146093{margin-right: 20% !important;margin-left: 20% !important;}&#8221;][\/vc_column_inner][\/vc_row_inner][\/vc_column][\/vc_row]<\/p>\n<\/div>","protected":false},"excerpt":{"rendered":"<p>[vc_row full_width=&#8221;stretch_row_content_no_spaces&#8221; content_placement=&#8221;middle&#8221; css=&#8221;.vc_custom_1636515480710{margin-top: 0px !important;padding-top: 0px !important;}&#8221;][vc_column css=&#8221;.vc_custom_1636510216009{margin-top: 0px !important;padding-top: 0px !important;}&#8221;][vc_row_inner css=&#8221;.vc_custom_1636515561561{margin-top: 0px !important;margin-bottom: 0px !important;padding-top: 0px !important;padding-bottom:&#8230;<\/p>\n","protected":false},"author":1,"featured_media":0,"parent":0,"menu_order":0,"comment_status":"closed","ping_status":"closed","template":"","meta":{"footnotes":""},"class_list":["post-24595","page","type-page","status-publish"],"_links":{"self":[{"href":"https:\/\/cela.edu.mx\/preparatoria\/wp-json\/wp\/v2\/pages\/24595","targetHints":{"allow":["GET"]}}],"collection":[{"href":"https:\/\/cela.edu.mx\/preparatoria\/wp-json\/wp\/v2\/pages"}],"about":[{"href":"https:\/\/cela.edu.mx\/preparatoria\/wp-json\/wp\/v2\/types\/page"}],"author":[{"embeddable":true,"href":"https:\/\/cela.edu.mx\/preparatoria\/wp-json\/wp\/v2\/users\/1"}],"replies":[{"embeddable":true,"href":"https:\/\/cela.edu.mx\/preparatoria\/wp-json\/wp\/v2\/comments?post=24595"}],"version-history":[{"count":0,"href":"https:\/\/cela.edu.mx\/preparatoria\/wp-json\/wp\/v2\/pages\/24595\/revisions"}],"wp:attachment":[{"href":"https:\/\/cela.edu.mx\/preparatoria\/wp-json\/wp\/v2\/media?parent=24595"}],"curies":[{"name":"wp","href":"https:\/\/api.w.org\/{rel}","templated":true}]}}