{"id":24522,"date":"2021-11-08T13:09:26","date_gmt":"2021-11-08T13:09:26","guid":{"rendered":"https:\/\/cela.edu.mx\/preparatoria\/?page_id=24522"},"modified":"2023-01-16T20:04:34","modified_gmt":"2023-01-16T20:04:34","slug":"impacto-cela2","status":"publish","type":"page","link":"https:\/\/cela.edu.mx\/preparatoria\/impacto-cela2\/","title":{"rendered":"Impacto CELA"},"content":{"rendered":"<div class=\"wpb-content-wrapper\"><p>[vc_row full_width=&#8221;stretch_row_content_no_spaces&#8221; content_placement=&#8221;middle&#8221;][vc_column][vc_row_inner content_placement=&#8221;middle&#8221; css=&#8221;.vc_custom_1636514274613{margin-top: 0px !important;margin-bottom: 0px !important;padding-top: 0px !important;padding-bottom: 0px !important;}&#8221;][vc_column_inner width=&#8221;1\/2&#8243; css=&#8221;.vc_custom_1636379198403{background-image: url(https:\/\/cela.edu.mx\/preparatoria\/wp-content\/uploads\/2021\/11\/ecologica.jpg?id=24541) !important;background-position: center !important;background-repeat: no-repeat !important;background-size: cover !important;}&#8221;]<div class=\"clearboth\"><\/div><style>#thegem-divider-69f5c5abc93ab {margin-top: 500px !important;}<\/style><div id=\"thegem-divider-69f5c5abc93ab\" class=\"gem-divider  \" style=\"\" ><\/div>[\/vc_column_inner][vc_column_inner width=&#8221;1\/2&#8243;][vc_column_text css=&#8221;.vc_custom_1636513557196{padding-right: 5% !important;padding-left: 5% !important;}&#8221;]<\/p>\n<h3 style=\"text-align: center;\">IMPACTO ECOL\u00d3GICO<\/h3>\n<p style=\"text-align: justify;\">En el CELA es muy importante crear y facilitar estrategias que concientizan e incrementan el inter\u00e9s para ejecutar acciones en favor de cuidar el medio ambiente en materia de consumo de agua, energ\u00eda, manejo de recursos, desperdicios, preservaci\u00f3n de la flora y la fauna y percepci\u00f3n sobre el cambio clim\u00e1tico. Contamos con varias iniciativas de apoyo en este rubro como el programa de clasificaci\u00f3n de desperdicios, reciclaje, entre otros.<\/p>\n<p>[\/vc_column_text][\/vc_column_inner][\/vc_row_inner][vc_row_inner content_placement=&#8221;middle&#8221; css=&#8221;.vc_custom_1636514288949{margin-top: 0px !important;padding-top: 0px !important;}&#8221;][vc_column_inner width=&#8221;1\/2&#8243; css=&#8221;.vc_custom_1636377091266{background-position: center !important;background-repeat: no-repeat !important;background-size: cover !important;}&#8221;][vc_column_text css=&#8221;.vc_custom_1636513578163{padding-right: 5% !important;padding-left: 5% !important;}&#8221;]<\/p>\n<h3 style=\"text-align: center;\">IMPACTO SOCIAL<\/h3>\n<p style=\"text-align: justify;\">Desarrollar la capacidad de observar, percibir, conocer problem\u00e1ticas y necesidades del entorno social que requieren reflexi\u00f3n solidaria, atenci\u00f3n, apoyo y compromiso para la atenci\u00f3n de las mismos actuando como agentes pro activos y transformadores, es una de las prioridades del CELA, por lo tanto contamos con programas de voluntariado destinados a este fin que se implementan como parte de las asignaturas de Habilidades Socioemocionales, Ciudadan\u00eda Activa entre otros.<\/p>\n<p>[\/vc_column_text][\/vc_column_inner][vc_column_inner width=&#8221;1\/2&#8243; css=&#8221;.vc_custom_1636379211546{background-image: url(https:\/\/cela.edu.mx\/preparatoria\/wp-content\/uploads\/2021\/11\/social.jpg?id=24542) !important;background-position: center !important;background-repeat: no-repeat !important;background-size: cover !important;}&#8221;]<div class=\"clearboth\"><\/div><style>#thegem-divider-69f5c5abc940f {margin-top: 500px !important;}<\/style><div id=\"thegem-divider-69f5c5abc940f\" class=\"gem-divider  \" style=\"\" ><\/div>[\/vc_column_inner][\/vc_row_inner][vc_row_inner css=&#8221;.vc_custom_1636510995150{margin-top: 5% !important;margin-bottom: 5% !important;}&#8221;][vc_column_inner][vc_column_text]<\/p>\n<h3 style=\"text-align: center;\">VALORES DE LA PREPARATORIA CELA<\/h3>\n<p>[\/vc_column_text][\/vc_column_inner][\/vc_row_inner][vc_row_inner content_placement=&#8221;middle&#8221;][vc_column_inner width=&#8221;1\/3&#8243;][vc_column_text css=&#8221;.vc_custom_1636514876974{padding-right: 5% !important;padding-left: 5% !important;}&#8221;]<\/p>\n<h4 style=\"text-align: center;\">RESPETO<\/h4>\n<p style=\"text-align: justify;\">Es establecer hasta donde llegan mis posibilidades de hacer o no hacer, y donde comienzan las posibilidades de los dem\u00e1s. El respeto es la base de toda convivencia en sociedad.<\/p>\n<p>[\/vc_column_text][\/vc_column_inner][vc_column_inner width=&#8221;1\/3&#8243;][vc_single_image image=&#8221;24709&#8243; img_size=&#8221;medium&#8221; alignment=&#8221;center&#8221;][\/vc_column_inner][vc_column_inner width=&#8221;1\/3&#8243;][\/vc_column_inner][\/vc_row_inner][vc_row_inner content_placement=&#8221;middle&#8221;][vc_column_inner width=&#8221;1\/3&#8243;][\/vc_column_inner][vc_column_inner width=&#8221;1\/3&#8243;][vc_single_image image=&#8221;24710&#8243; img_size=&#8221;medium&#8221; alignment=&#8221;center&#8221;][\/vc_column_inner][vc_column_inner width=&#8221;1\/3&#8243;][vc_column_text css=&#8221;.vc_custom_1636514866687{margin-top: 0px !important;padding-right: 5% !important;padding-left: 5% !important;}&#8221;]<\/p>\n<h4 style=\"text-align: center;\">RESPONSABILIDAD<\/h4>\n<p style=\"text-align: justify;\">Cumplir con lo que se ha comprometido; es asumir las consecuencias de nuestras acciones y decisiones, es tratar de que todos nuestros actos sean realizados de acuerdo con una noci\u00f3n de justicia y de cumplimiento del deber en todos los sentidos.<\/p>\n<p>[\/vc_column_text][\/vc_column_inner][\/vc_row_inner][vc_row_inner content_placement=&#8221;middle&#8221;][vc_column_inner width=&#8221;1\/3&#8243;][vc_column_text css=&#8221;.vc_custom_1636514857407{margin-top: 0px !important;padding-right: 5% !important;padding-left: 5% !important;}&#8221;]<\/p>\n<h4 style=\"text-align: center;\">HONESTIDAD<\/h4>\n<p style=\"text-align: justify;\">Consiste en comportarse y expresarse con coherencia y sinceridad, y de acuerdo con los valores de verdad y justicia.<\/p>\n<p>[\/vc_column_text][\/vc_column_inner][vc_column_inner width=&#8221;1\/3&#8243;][vc_single_image image=&#8221;24711&#8243; img_size=&#8221;medium&#8221; alignment=&#8221;center&#8221;][\/vc_column_inner][vc_column_inner width=&#8221;1\/3&#8243;][\/vc_column_inner][\/vc_row_inner][vc_row_inner content_placement=&#8221;middle&#8221;][vc_column_inner width=&#8221;1\/3&#8243;][\/vc_column_inner][vc_column_inner width=&#8221;1\/3&#8243;][vc_single_image image=&#8221;24712&#8243; img_size=&#8221;medium&#8221; alignment=&#8221;center&#8221;][\/vc_column_inner][vc_column_inner width=&#8221;1\/3&#8243;][vc_column_text css=&#8221;.vc_custom_1636514849407{margin-top: 0px !important;padding-right: 5% !important;padding-left: 5% !important;}&#8221;]<\/p>\n<h4 style=\"text-align: center;\">SOLIDARIDAD<\/h4>\n<p style=\"text-align: justify;\">Actitud de sentirse unido, prestar ayuda mutua que debe existir entre las personas, no porque se les conozca o sean nuestros amigos, simplemente porque todos tenemos el deber de ayudar y el derecho de recibir ayuda de nuestros semejantes.<\/p>\n<p>[\/vc_column_text][\/vc_column_inner][\/vc_row_inner][vc_row_inner content_placement=&#8221;middle&#8221;][vc_column_inner width=&#8221;1\/3&#8243;][vc_column_text css=&#8221;.vc_custom_1636514840101{padding-right: 5% !important;padding-left: 5% !important;}&#8221;]<\/p>\n<h4 style=\"text-align: center;\">COMPROMISO<\/h4>\n<p style=\"text-align: justify;\">Es poner en juego nuestras capacidades para sacar adelante todo aquello que se nos ha confiado.<\/p>\n<p>[\/vc_column_text][\/vc_column_inner][vc_column_inner width=&#8221;1\/3&#8243;][vc_single_image image=&#8221;24713&#8243; img_size=&#8221;medium&#8221; alignment=&#8221;center&#8221;][\/vc_column_inner][vc_column_inner width=&#8221;1\/3&#8243;][\/vc_column_inner][\/vc_row_inner][vc_row_inner content_placement=&#8221;middle&#8221;][vc_column_inner width=&#8221;1\/3&#8243;][\/vc_column_inner][vc_column_inner width=&#8221;1\/3&#8243;][vc_single_image image=&#8221;24714&#8243; img_size=&#8221;medium&#8221; alignment=&#8221;center&#8221;][\/vc_column_inner][vc_column_inner width=&#8221;1\/3&#8243;][vc_column_text css=&#8221;.vc_custom_1636514830219{margin-top: 0px !important;padding-right: 5% !important;padding-left: 5% !important;}&#8221;]<\/p>\n<h4 style=\"text-align: center;\">LIBERTAD<\/h4>\n<p style=\"text-align: justify;\">Facultad de dirigir el pensamiento o la conducta seg\u00fan los dictados de la propia raz\u00f3n y de la voluntad del individuo siempre y cuando no se afecte la libertad de otras personas y no falte a las normas legales y de convivencia social.<\/p>\n<p>[\/vc_column_text][\/vc_column_inner][\/vc_row_inner][vc_row_inner content_placement=&#8221;middle&#8221;][vc_column_inner width=&#8221;1\/3&#8243;][vc_column_text css=&#8221;.vc_custom_1636514808955{padding-right: 5% !important;padding-left: 5% !important;}&#8221;]<\/p>\n<h4 style=\"text-align: center;\">EQUIDAD<\/h4>\n<p style=\"text-align: justify;\">Es la valoraci\u00f3n de las personas sin importar las diferencias culturales, sociales, \u00e9tnicas, de g\u00e9nero o religiosas de cada una de ellas.<\/p>\n<p>[\/vc_column_text][\/vc_column_inner][vc_column_inner width=&#8221;1\/3&#8243;][vc_single_image image=&#8221;24715&#8243; img_size=&#8221;medium&#8221; alignment=&#8221;center&#8221;][\/vc_column_inner][vc_column_inner width=&#8221;1\/3&#8243;][\/vc_column_inner][\/vc_row_inner][vc_row_inner content_placement=&#8221;middle&#8221;][vc_column_inner width=&#8221;1\/3&#8243;][\/vc_column_inner][vc_column_inner width=&#8221;1\/3&#8243;][vc_single_image image=&#8221;24708&#8243; img_size=&#8221;medium&#8221; alignment=&#8221;center&#8221;][\/vc_column_inner][vc_column_inner width=&#8221;1\/3&#8243;][vc_column_text css=&#8221;.vc_custom_1636514820723{padding-right: 5% !important;padding-left: 5% !important;}&#8221;]<\/p>\n<h4 style=\"text-align: center;\">EMPAT\u00cdA<\/h4>\n<p style=\"text-align: justify;\">Es el esfuerzo que realizamos para reconocer y comprender los sentimientos y actitudes de las personas, as\u00ed como las circunstancias que los afectan en un momento determinado. El proceder con empat\u00eda no significa estar de acuerdo con el otro. No implica dejar de lado las propias convicciones y asumir como propias las del otro. Es m\u00e1s, se puede estar en completo desacuerdo con alguien sin por ello dejar de ser emp\u00e1ticos y respetar su posici\u00f3n, aceptando como leg\u00edtimas sus propias motivaciones.<\/p>\n<p>[\/vc_column_text][\/vc_column_inner][\/vc_row_inner][\/vc_column][\/vc_row]<\/p>\n<\/div>","protected":false},"excerpt":{"rendered":"<p>[vc_row full_width=&#8221;stretch_row_content_no_spaces&#8221; content_placement=&#8221;middle&#8221;][vc_column][vc_row_inner content_placement=&#8221;middle&#8221; css=&#8221;.vc_custom_1636514274613{margin-top: 0px !important;margin-bottom: 0px !important;padding-top: 0px !important;padding-bottom: 0px !important;}&#8221;][vc_column_inner width=&#8221;1\/2&#8243; css=&#8221;.vc_custom_1636379198403{background-image: url(https:\/\/cela.edu.mx\/preparatoria\/wp-content\/uploads\/2021\/11\/ecologica.jpg?id=24541) !important;background-position: center !important;background-repeat: no-repeat&#8230;<\/p>\n","protected":false},"author":1,"featured_media":0,"parent":0,"menu_order":0,"comment_status":"closed","ping_status":"closed","template":"","meta":{"footnotes":""},"class_list":["post-24522","page","type-page","status-publish"],"_links":{"self":[{"href":"https:\/\/cela.edu.mx\/preparatoria\/wp-json\/wp\/v2\/pages\/24522","targetHints":{"allow":["GET"]}}],"collection":[{"href":"https:\/\/cela.edu.mx\/preparatoria\/wp-json\/wp\/v2\/pages"}],"about":[{"href":"https:\/\/cela.edu.mx\/preparatoria\/wp-json\/wp\/v2\/types\/page"}],"author":[{"embeddable":true,"href":"https:\/\/cela.edu.mx\/preparatoria\/wp-json\/wp\/v2\/users\/1"}],"replies":[{"embeddable":true,"href":"https:\/\/cela.edu.mx\/preparatoria\/wp-json\/wp\/v2\/comments?post=24522"}],"version-history":[{"count":0,"href":"https:\/\/cela.edu.mx\/preparatoria\/wp-json\/wp\/v2\/pages\/24522\/revisions"}],"wp:attachment":[{"href":"https:\/\/cela.edu.mx\/preparatoria\/wp-json\/wp\/v2\/media?parent=24522"}],"curies":[{"name":"wp","href":"https:\/\/api.w.org\/{rel}","templated":true}]}}

<div class="wpb-content-wrapper"><p>[vc_row full_width=&#8221;stretch_row_content_no_spaces&#8221; content_placement=&#8221;middle&#8221;][vc_column][vc_row_inner content_placement=&#8221;middle&#8221; css=&#8221;.vc_custom_1636514274613{margin-top: 0px !important;margin-bottom: 0px !important;padding-top: 0px !important;padding-bottom: 0px !important;}&#8221;][vc_column_inner width=&#8221;1/2&#8243; css=&#8221;.vc_custom_1636379198403{background-image: url(https://cela.edu.mx/preparatoria/wp-content/uploads/2021/11/ecologica.jpg?id=24541) !important;background-position: center !important;background-repeat: no-repeat !important;background-size: cover !important;}&#8221;]<div class="clearboth"></div><style>#thegem-divider-69f5c5abc93ab {margin-top: 500px !important;}</style><div id="thegem-divider-69f5c5abc93ab" class="gem-divider  " style="" ></div>[/vc_column_inner][vc_column_inner width=&#8221;1/2&#8243;][vc_column_text css=&#8221;.vc_custom_1636513557196{padding-right: 5% !important;padding-left: 5% !important;}&#8221;]</p>
<h3 style="text-align: center;">IMPACTO ECOLÓGICO</h3>
<p style="text-align: justify;">En el CELA es muy importante crear y facilitar estrategias que concientizan e incrementan el interés para ejecutar acciones en favor de cuidar el medio ambiente en materia de consumo de agua, energía, manejo de recursos, desperdicios, preservación de la flora y la fauna y percepción sobre el cambio climático. Contamos con varias iniciativas de apoyo en este rubro como el programa de clasificación de desperdicios, reciclaje, entre otros.</p>
<p>[/vc_column_text][/vc_column_inner][/vc_row_inner][vc_row_inner content_placement=&#8221;middle&#8221; css=&#8221;.vc_custom_1636514288949{margin-top: 0px !important;padding-top: 0px !important;}&#8221;][vc_column_inner width=&#8221;1/2&#8243; css=&#8221;.vc_custom_1636377091266{background-position: center !important;background-repeat: no-repeat !important;background-size: cover !important;}&#8221;][vc_column_text css=&#8221;.vc_custom_1636513578163{padding-right: 5% !important;padding-left: 5% !important;}&#8221;]</p>
<h3 style="text-align: center;">IMPACTO SOCIAL</h3>
<p style="text-align: justify;">Desarrollar la capacidad de observar, percibir, conocer problemáticas y necesidades del entorno social que requieren reflexión solidaria, atención, apoyo y compromiso para la atención de las mismos actuando como agentes pro activos y transformadores, es una de las prioridades del CELA, por lo tanto contamos con programas de voluntariado destinados a este fin que se implementan como parte de las asignaturas de Habilidades Socioemocionales, Ciudadanía Activa entre otros.</p>
<p>[/vc_column_text][/vc_column_inner][vc_column_inner width=&#8221;1/2&#8243; css=&#8221;.vc_custom_1636379211546{background-image: url(https://cela.edu.mx/preparatoria/wp-content/uploads/2021/11/social.jpg?id=24542) !important;background-position: center !important;background-repeat: no-repeat !important;background-size: cover !important;}&#8221;]<div class="clearboth"></div><style>#thegem-divider-69f5c5abc940f {margin-top: 500px !important;}</style><div id="thegem-divider-69f5c5abc940f" class="gem-divider  " style="" ></div>[/vc_column_inner][/vc_row_inner][vc_row_inner css=&#8221;.vc_custom_1636510995150{margin-top: 5% !important;margin-bottom: 5% !important;}&#8221;][vc_column_inner][vc_column_text]</p>
<h3 style="text-align: center;">VALORES DE LA PREPARATORIA CELA</h3>
<p>[/vc_column_text][/vc_column_inner][/vc_row_inner][vc_row_inner content_placement=&#8221;middle&#8221;][vc_column_inner width=&#8221;1/3&#8243;][vc_column_text css=&#8221;.vc_custom_1636514876974{padding-right: 5% !important;padding-left: 5% !important;}&#8221;]</p>
<h4 style="text-align: center;">RESPETO</h4>
<p style="text-align: justify;">Es establecer hasta donde llegan mis posibilidades de hacer o no hacer, y donde comienzan las posibilidades de los demás. El respeto es la base de toda convivencia en sociedad.</p>
<p>[/vc_column_text][/vc_column_inner][vc_column_inner width=&#8221;1/3&#8243;][vc_single_image image=&#8221;24709&#8243; img_size=&#8221;medium&#8221; alignment=&#8221;center&#8221;][/vc_column_inner][vc_column_inner width=&#8221;1/3&#8243;][/vc_column_inner][/vc_row_inner][vc_row_inner content_placement=&#8221;middle&#8221;][vc_column_inner width=&#8221;1/3&#8243;][/vc_column_inner][vc_column_inner width=&#8221;1/3&#8243;][vc_single_image image=&#8221;24710&#8243; img_size=&#8221;medium&#8221; alignment=&#8221;center&#8221;][/vc_column_inner][vc_column_inner width=&#8221;1/3&#8243;][vc_column_text css=&#8221;.vc_custom_1636514866687{margin-top: 0px !important;padding-right: 5% !important;padding-left: 5% !important;}&#8221;]</p>
<h4 style="text-align: center;">RESPONSABILIDAD</h4>
<p style="text-align: justify;">Cumplir con lo que se ha comprometido; es asumir las consecuencias de nuestras acciones y decisiones, es tratar de que todos nuestros actos sean realizados de acuerdo con una noción de justicia y de cumplimiento del deber en todos los sentidos.</p>
<p>[/vc_column_text][/vc_column_inner][/vc_row_inner][vc_row_inner content_placement=&#8221;middle&#8221;][vc_column_inner width=&#8221;1/3&#8243;][vc_column_text css=&#8221;.vc_custom_1636514857407{margin-top: 0px !important;padding-right: 5% !important;padding-left: 5% !important;}&#8221;]</p>
<h4 style="text-align: center;">HONESTIDAD</h4>
<p style="text-align: justify;">Consiste en comportarse y expresarse con coherencia y sinceridad, y de acuerdo con los valores de verdad y justicia.</p>
<p>[/vc_column_text][/vc_column_inner][vc_column_inner width=&#8221;1/3&#8243;][vc_single_image image=&#8221;24711&#8243; img_size=&#8221;medium&#8221; alignment=&#8221;center&#8221;][/vc_column_inner][vc_column_inner width=&#8221;1/3&#8243;][/vc_column_inner][/vc_row_inner][vc_row_inner content_placement=&#8221;middle&#8221;][vc_column_inner width=&#8221;1/3&#8243;][/vc_column_inner][vc_column_inner width=&#8221;1/3&#8243;][vc_single_image image=&#8221;24712&#8243; img_size=&#8221;medium&#8221; alignment=&#8221;center&#8221;][/vc_column_inner][vc_column_inner width=&#8221;1/3&#8243;][vc_column_text css=&#8221;.vc_custom_1636514849407{margin-top: 0px !important;padding-right: 5% !important;padding-left: 5% !important;}&#8221;]</p>
<h4 style="text-align: center;">SOLIDARIDAD</h4>
<p style="text-align: justify;">Actitud de sentirse unido, prestar ayuda mutua que debe existir entre las personas, no porque se les conozca o sean nuestros amigos, simplemente porque todos tenemos el deber de ayudar y el derecho de recibir ayuda de nuestros semejantes.</p>
<p>[/vc_column_text][/vc_column_inner][/vc_row_inner][vc_row_inner content_placement=&#8221;middle&#8221;][vc_column_inner width=&#8221;1/3&#8243;][vc_column_text css=&#8221;.vc_custom_1636514840101{padding-right: 5% !important;padding-left: 5% !important;}&#8221;]</p>
<h4 style="text-align: center;">COMPROMISO</h4>
<p style="text-align: justify;">Es poner en juego nuestras capacidades para sacar adelante todo aquello que se nos ha confiado.</p>
<p>[/vc_column_text][/vc_column_inner][vc_column_inner width=&#8221;1/3&#8243;][vc_single_image image=&#8221;24713&#8243; img_size=&#8221;medium&#8221; alignment=&#8221;center&#8221;][/vc_column_inner][vc_column_inner width=&#8221;1/3&#8243;][/vc_column_inner][/vc_row_inner][vc_row_inner content_placement=&#8221;middle&#8221;][vc_column_inner width=&#8221;1/3&#8243;][/vc_column_inner][vc_column_inner width=&#8221;1/3&#8243;][vc_single_image image=&#8221;24714&#8243; img_size=&#8221;medium&#8221; alignment=&#8221;center&#8221;][/vc_column_inner][vc_column_inner width=&#8221;1/3&#8243;][vc_column_text css=&#8221;.vc_custom_1636514830219{margin-top: 0px !important;padding-right: 5% !important;padding-left: 5% !important;}&#8221;]</p>
<h4 style="text-align: center;">LIBERTAD</h4>
<p style="text-align: justify;">Facultad de dirigir el pensamiento o la conducta según los dictados de la propia razón y de la voluntad del individuo siempre y cuando no se afecte la libertad de otras personas y no falte a las normas legales y de convivencia social.</p>
<p>[/vc_column_text][/vc_column_inner][/vc_row_inner][vc_row_inner content_placement=&#8221;middle&#8221;][vc_column_inner width=&#8221;1/3&#8243;][vc_column_text css=&#8221;.vc_custom_1636514808955{padding-right: 5% !important;padding-left: 5% !important;}&#8221;]</p>
<h4 style="text-align: center;">EQUIDAD</h4>
<p style="text-align: justify;">Es la valoración de las personas sin importar las diferencias culturales, sociales, étnicas, de género o religiosas de cada una de ellas.</p>
<p>[/vc_column_text][/vc_column_inner][vc_column_inner width=&#8221;1/3&#8243;][vc_single_image image=&#8221;24715&#8243; img_size=&#8221;medium&#8221; alignment=&#8221;center&#8221;][/vc_column_inner][vc_column_inner width=&#8221;1/3&#8243;][/vc_column_inner][/vc_row_inner][vc_row_inner content_placement=&#8221;middle&#8221;][vc_column_inner width=&#8221;1/3&#8243;][/vc_column_inner][vc_column_inner width=&#8221;1/3&#8243;][vc_single_image image=&#8221;24708&#8243; img_size=&#8221;medium&#8221; alignment=&#8221;center&#8221;][/vc_column_inner][vc_column_inner width=&#8221;1/3&#8243;][vc_column_text css=&#8221;.vc_custom_1636514820723{padding-right: 5% !important;padding-left: 5% !important;}&#8221;]</p>
<h4 style="text-align: center;">EMPATÍA</h4>
<p style="text-align: justify;">Es el esfuerzo que realizamos para reconocer y comprender los sentimientos y actitudes de las personas, así como las circunstancias que los afectan en un momento determinado. El proceder con empatía no significa estar de acuerdo con el otro. No implica dejar de lado las propias convicciones y asumir como propias las del otro. Es más, se puede estar en completo desacuerdo con alguien sin por ello dejar de ser empáticos y respetar su posición, aceptando como legítimas sus propias motivaciones.</p>
<p>[/vc_column_text][/vc_column_inner][/vc_row_inner][/vc_column][/vc_row]</p>
</div>
