{"id":24512,"date":"2021-11-08T01:39:18","date_gmt":"2021-11-08T01:39:18","guid":{"rendered":"https:\/\/cela.edu.mx\/preparatoria\/?page_id=24512"},"modified":"2025-02-10T14:16:47","modified_gmt":"2025-02-10T14:16:47","slug":"alumno-cela","status":"publish","type":"page","link":"https:\/\/cela.edu.mx\/preparatoria\/alumno-cela\/","title":{"rendered":"Alumno CELA"},"content":{"rendered":"<div class=\"wpb-content-wrapper\"><p>[vc_row full_width=&#8221;stretch_row_content_no_spaces&#8221; css=&#8221;.vc_custom_1636561951510{margin-top: 0px !important;padding-top: 0px !important;}&#8221;][vc_column][vc_row_inner css=&#8221;.vc_custom_1636335724269{margin-top: 0px !important;margin-bottom: 0px !important;padding-top: 0px !important;padding-bottom: 0px !important;}&#8221;][vc_column_inner width=&#8221;1\/2&#8243; css=&#8221;.vc_custom_1636378366033{background-image: url(https:\/\/cela.edu.mx\/preparatoria\/wp-content\/uploads\/2021\/11\/INNOVACION.jpg?id=24528) !important;background-position: center !important;background-repeat: no-repeat !important;background-size: cover !important;}&#8221;]<div class=\"clearboth\"><\/div><style>#thegem-divider-69e9d6e444ac8 {margin-top: 500px !important;}<\/style><div id=\"thegem-divider-69e9d6e444ac8\" class=\"gem-divider  \" style=\"\" ><\/div>[\/vc_column_inner][vc_column_inner width=&#8221;1\/2&#8243;][vc_column_text css=&#8221;.vc_custom_1636561914339{margin-top: 5% !important;padding-right: 5% !important;padding-left: 5% !important;}&#8221;]<\/p>\n<h3 style=\"text-align: center;\">INNOVACI\u00d3N<\/h3>\n<p style=\"text-align: justify;\">Para el CELA innovar significa transformar ideas para implementar algo nuevo o mejorar lo ya existente, encontrando oportunidades, ofreciendo soluciones a necesidades no satisfechas parcial o totalmente. Buscamos incentivar el esp\u00edritu innovador transformando ideas y plasmando soluciones a diversas problem\u00e1ticas a trav\u00e9s de la resoluci\u00f3n de diversos retos y estudios de caso.<\/p>\n<p>[\/vc_column_text][\/vc_column_inner][\/vc_row_inner][vc_row_inner css=&#8221;.vc_custom_1636335724269{margin-top: 0px !important;margin-bottom: 0px !important;padding-top: 0px !important;padding-bottom: 0px !important;}&#8221;][vc_column_inner width=&#8221;1\/2&#8243; css=&#8221;.vc_custom_1636335861930{background-position: center !important;background-repeat: no-repeat !important;background-size: cover !important;}&#8221;][vc_column_text css=&#8221;.vc_custom_1636561666105{padding-right: 5% !important;padding-left: 5% !important;}&#8221;]<\/p>\n<h3 style=\"text-align: center;\">ESP\u00cdRITU EMPRENDEDOR<\/h3>\n<p style=\"text-align: justify;\">Caracter\u00edsticas que se desarrollan en una persona favoreciendo h\u00e1bitos y actitudes donde est\u00e1n presentes la innovaci\u00f3n, creatividad, disciplina canalizados a dise\u00f1ar e implementar proyectos para mejorar la calidad de vida del propio ejecutor (emprendedor) y de su entorno, asumiendo riesgos, para obtener ganancias. Este es un aspecto b\u00e1sico en la formaci\u00f3n CELA que abordamos a trav\u00e9s de la vinculaci\u00f3n de diversas asignaturas y del taller de emprendedores el cual est\u00e1 disponible desde primer semestre.<\/p>\n<p>[\/vc_column_text][\/vc_column_inner][vc_column_inner width=&#8221;1\/2&#8243; css=&#8221;.vc_custom_1636378616768{background-image: url(https:\/\/cela.edu.mx\/preparatoria\/wp-content\/uploads\/2021\/11\/EMPRENDEDOR.jpg?id=24537) !important;background-position: center !important;background-repeat: no-repeat !important;background-size: cover !important;}&#8221;]<div class=\"clearboth\"><\/div><style>#thegem-divider-69e9d6e444b42 {margin-top: 500px !important;}<\/style><div id=\"thegem-divider-69e9d6e444b42\" class=\"gem-divider  \" style=\"\" ><\/div>[\/vc_column_inner][\/vc_row_inner][vc_row_inner css=&#8221;.vc_custom_1636335724269{margin-top: 0px !important;margin-bottom: 0px !important;padding-top: 0px !important;padding-bottom: 0px !important;}&#8221;][vc_column_inner width=&#8221;1\/2&#8243; css=&#8221;.vc_custom_1636378414592{background-image: url(https:\/\/cela.edu.mx\/preparatoria\/wp-content\/uploads\/2021\/11\/BILINGUEYBICULTURAL.jpg?id=24530) !important;background-position: center !important;background-repeat: no-repeat !important;background-size: cover !important;}&#8221;]<div class=\"clearboth\"><\/div><style>#thegem-divider-69e9d6e444b7a {margin-top: 500px !important;}<\/style><div id=\"thegem-divider-69e9d6e444b7a\" class=\"gem-divider  \" style=\"\" ><\/div>[\/vc_column_inner][vc_column_inner width=&#8221;1\/2&#8243;][vc_column_text css=&#8221;.vc_custom_1636561680162{margin-top: 5% !important;padding-right: 5% !important;padding-left: 55px !important;}&#8221;]<\/p>\n<h3 style=\"text-align: center;\">BILING\u00dcE Y BICULTURAL<\/h3>\n<p style=\"text-align: justify;\">Se define como la implementaci\u00f3n de \u201cprogramas que proporcionan instrucci\u00f3n en dos o m\u00e1s lenguas\u201d. (Sanz, N., 1996). Para poder aprender otro idioma, es necesario introducirse en la cultura, tradiciones\u00a0 y costumbres del lugar de origen o de uso actual de la lengua, por lo tanto una educaci\u00f3n biling\u00fce es tambi\u00e9n una educaci\u00f3n bicultural. En la Prepa CELA este es un aspecto prioritario dentro de nuestro programa y favorecemos el conocimiento de los pa\u00edses de habla inglesa entre los que destacan Estados Unidos de Norteam\u00e9rica y el Reino Unido.<\/p>\n<p>[\/vc_column_text][\/vc_column_inner][\/vc_row_inner][vc_row_inner css=&#8221;.vc_custom_1636335724269{margin-top: 0px !important;margin-bottom: 0px !important;padding-top: 0px !important;padding-bottom: 0px !important;}&#8221;][vc_column_inner width=&#8221;1\/2&#8243; css=&#8221;.vc_custom_1636335900681{background-position: center !important;background-repeat: no-repeat !important;background-size: cover !important;}&#8221;][vc_column_text css=&#8221;.vc_custom_1636561693714{padding-right: 5% !important;padding-left: 5% !important;}&#8221;]<\/p>\n<h3 style=\"text-align: center;\">CONCIENCIA ECOL\u00d3GICA<\/h3>\n<p style=\"text-align: justify;\">En el CELA es muy importante crear y facilitar estrategias que concientizan e incrementan el inter\u00e9s para ejecutar acciones en favor de cuidar el medio ambiente en materia de consumo de agua, energ\u00eda, manejo de recursos, desperdicios, preservaci\u00f3n de la flora y la fauna y percepci\u00f3n sobre el cambio clim\u00e1tico. Contamos con varias iniciativas de apoyo en este rubro como el programa de clasificaci\u00f3n de desperdicios, reciclaje, entre otros.<\/p>\n<p>[\/vc_column_text][\/vc_column_inner][vc_column_inner width=&#8221;1\/2&#8243; css=&#8221;.vc_custom_1636378432400{background-image: url(https:\/\/cela.edu.mx\/preparatoria\/wp-content\/uploads\/2021\/11\/conciencia-ecologica.jpg?id=24531) !important;background-position: center !important;background-repeat: no-repeat !important;background-size: cover !important;}&#8221;]<div class=\"clearboth\"><\/div><style>#thegem-divider-69e9d6e444bad {margin-top: 500px !important;}<\/style><div id=\"thegem-divider-69e9d6e444bad\" class=\"gem-divider  \" style=\"\" ><\/div>[\/vc_column_inner][\/vc_row_inner][vc_row_inner css=&#8221;.vc_custom_1636335724269{margin-top: 0px !important;margin-bottom: 0px !important;padding-top: 0px !important;padding-bottom: 0px !important;}&#8221;][vc_column_inner width=&#8221;1\/2&#8243; css=&#8221;.vc_custom_1636378458552{background-image: url(https:\/\/cela.edu.mx\/preparatoria\/wp-content\/uploads\/2021\/11\/conciencia-social.jpg?id=24532) !important;background-position: center !important;background-repeat: no-repeat !important;background-size: cover !important;}&#8221;]<div class=\"clearboth\"><\/div><style>#thegem-divider-69e9d6e444bdd {margin-top: 500px !important;}<\/style><div id=\"thegem-divider-69e9d6e444bdd\" class=\"gem-divider  \" style=\"\" ><\/div>[\/vc_column_inner][vc_column_inner width=&#8221;1\/2&#8243;][vc_column_text css=&#8221;.vc_custom_1636561704802{margin-top: 5% !important;padding-right: 5% !important;padding-left: 5% !important;}&#8221;]<\/p>\n<h3 style=\"text-align: center;\">CONCIENCIA SOCIAL<\/h3>\n<p style=\"text-align: justify;\">Desarrollar la capacidad de observar, percibir, conocer problem\u00e1ticas y necesidades del entorno social que requieren reflexi\u00f3n solidaria, atenci\u00f3n, apoyo y compromiso para la atenci\u00f3n de las mismos actuando como agentes pro activos y transformadores, es una de las prioridades del CELA, por lo tanto contamos con programas de voluntariado destinados a este fin que se implementan como parte de las asignaturas de Habilidades Socioemocionales, Ciudadan\u00eda Activa entre otros.<\/p>\n<p>[\/vc_column_text][\/vc_column_inner][\/vc_row_inner][vc_row_inner css=&#8221;.vc_custom_1636335724269{margin-top: 0px !important;margin-bottom: 0px !important;padding-top: 0px !important;padding-bottom: 0px !important;}&#8221;][vc_column_inner width=&#8221;1\/2&#8243; css=&#8221;.vc_custom_1636335932041{background-position: center !important;background-repeat: no-repeat !important;background-size: cover !important;}&#8221;][vc_column_text css=&#8221;.vc_custom_1636561713850{padding-right: 5% !important;padding-left: 5% !important;}&#8221;]<\/p>\n<h3 style=\"text-align: center;\">CULTURA DEPORTIVA<\/h3>\n<p style=\"text-align: justify;\">El deporte y la actividad f\u00edsica son muy importantes\u00a0 ya que contribuyen a que nuestros alumnos lleven una vida sana, plena, favoreciendo el desarrollo integral ya que fomentan la ense\u00f1anza de valores esenciales para la vida como la disciplina, el respeto, la cooperaci\u00f3n y el trabajo en equipo. Entre las disciplinas deportivas que ofrecemos se encuentran: f\u00fatbol, basquetbol, volibol, ejercicios funcionales.<\/p>\n<p>[\/vc_column_text][\/vc_column_inner][vc_column_inner width=&#8221;1\/2&#8243; css=&#8221;.vc_custom_1636378474954{background-image: url(https:\/\/cela.edu.mx\/preparatoria\/wp-content\/uploads\/2021\/11\/DEPORTIVA.jpg?id=24533) !important;background-position: center !important;background-repeat: no-repeat !important;background-size: cover !important;}&#8221;]<div class=\"clearboth\"><\/div><style>#thegem-divider-69e9d6e444c0d {margin-top: 500px !important;}<\/style><div id=\"thegem-divider-69e9d6e444c0d\" class=\"gem-divider  \" style=\"\" ><\/div>[\/vc_column_inner][\/vc_row_inner][vc_row_inner css=&#8221;.vc_custom_1636335724269{margin-top: 0px !important;margin-bottom: 0px !important;padding-top: 0px !important;padding-bottom: 0px !important;}&#8221;][vc_column_inner width=&#8221;1\/2&#8243; css=&#8221;.vc_custom_1636378492799{background-image: url(https:\/\/cela.edu.mx\/preparatoria\/wp-content\/uploads\/2021\/11\/ARTISTICO.jpg?id=24534) !important;background-position: center !important;background-repeat: no-repeat !important;background-size: cover !important;}&#8221;]<div class=\"clearboth\"><\/div><style>#thegem-divider-69e9d6e444c3b {margin-top: 500px !important;}<\/style><div id=\"thegem-divider-69e9d6e444c3b\" class=\"gem-divider  \" style=\"\" ><\/div>[\/vc_column_inner][vc_column_inner width=&#8221;1\/2&#8243;][vc_column_text css=&#8221;.vc_custom_1636561721681{margin-top: 5% !important;padding-right: 5% !important;padding-left: 5% !important;}&#8221;]<\/p>\n<h3 style=\"text-align: center;\">CULTURA ART\u00cdSTICA<\/h3>\n<p style=\"text-align: justify;\">Canalizar las emociones y cultivar la personalidad de los estudiantes\u00a0 a trav\u00e9s de manifestaciones art\u00edsticas y la apreciaci\u00f3n de las mismas es, tambi\u00e9n, una de las prioridades de las Preparatoria CELA, para esto, ofrecemos talleres para los alumnos que permiten concretar los objetivos antes citados, entre estos se encuentran: Teatro, Danza, M\u00fasica, Escultura, Dibujo, Serigraf\u00eda y Fotograf\u00eda.<\/p>\n<p>[\/vc_column_text][\/vc_column_inner][\/vc_row_inner][vc_row_inner css=&#8221;.vc_custom_1636335724269{margin-top: 0px !important;margin-bottom: 0px !important;padding-top: 0px !important;padding-bottom: 0px !important;}&#8221;][vc_column_inner width=&#8221;1\/2&#8243; css=&#8221;.vc_custom_1636335963045{background-position: center !important;background-repeat: no-repeat !important;background-size: cover !important;}&#8221;][vc_column_text css=&#8221;.vc_custom_1636561728449{padding-right: 5% !important;padding-left: 5% !important;}&#8221;]<\/p>\n<h3 style=\"text-align: center;\">VANGUARDIA TECN\u00d3LOGICA<\/h3>\n<p style=\"text-align: justify;\">En pleno siglo XXI es indispensable vincular a los j\u00f3venes estudiantes con la ciencia y la tecnolog\u00eda a trav\u00e9s de proyectos educativos y herramientas innovadoras\u00a0 como el uso de dispositivos, plataformas educativas, aplicaciones como estrategias did\u00e1cticas que favorecen el proceso de ense\u00f1anza y aprendizaje, para esto contamos con el uso de la Plataforma Moodle, equipo Imac en todos los salones con internet, Centro de C\u00f3mputo MAC y la asignatura de programaci\u00f3n, entre otros.<\/p>\n<p>[\/vc_column_text][\/vc_column_inner][vc_column_inner width=&#8221;1\/2&#8243; css=&#8221;.vc_custom_1636378508031{background-image: url(https:\/\/cela.edu.mx\/preparatoria\/wp-content\/uploads\/2021\/11\/VANGUARDIA-TECNOLOGICA.jpg?id=24535) !important;background-position: center !important;background-repeat: no-repeat !important;background-size: cover !important;}&#8221;]<div class=\"clearboth\"><\/div><style>#thegem-divider-69e9d6e444c69 {margin-top: 500px !important;}<\/style><div id=\"thegem-divider-69e9d6e444c69\" class=\"gem-divider  \" style=\"\" ><\/div>[\/vc_column_inner][\/vc_row_inner][\/vc_column][\/vc_row]<\/p>\n<\/div>","protected":false},"excerpt":{"rendered":"<p>[vc_row full_width=&#8221;stretch_row_content_no_spaces&#8221; css=&#8221;.vc_custom_1636561951510{margin-top: 0px !important;padding-top: 0px !important;}&#8221;][vc_column][vc_row_inner css=&#8221;.vc_custom_1636335724269{margin-top: 0px !important;margin-bottom: 0px !important;padding-top: 0px !important;padding-bottom: 0px !important;}&#8221;][vc_column_inner width=&#8221;1\/2&#8243; css=&#8221;.vc_custom_1636378366033{background-image: url(https:\/\/cela.edu.mx\/preparatoria\/wp-content\/uploads\/2021\/11\/INNOVACION.jpg?id=24528) !important;background-position:&#8230;<\/p>\n","protected":false},"author":1,"featured_media":0,"parent":0,"menu_order":0,"comment_status":"closed","ping_status":"closed","template":"","meta":{"footnotes":""},"class_list":["post-24512","page","type-page","status-publish"],"_links":{"self":[{"href":"https:\/\/cela.edu.mx\/preparatoria\/wp-json\/wp\/v2\/pages\/24512","targetHints":{"allow":["GET"]}}],"collection":[{"href":"https:\/\/cela.edu.mx\/preparatoria\/wp-json\/wp\/v2\/pages"}],"about":[{"href":"https:\/\/cela.edu.mx\/preparatoria\/wp-json\/wp\/v2\/types\/page"}],"author":[{"embeddable":true,"href":"https:\/\/cela.edu.mx\/preparatoria\/wp-json\/wp\/v2\/users\/1"}],"replies":[{"embeddable":true,"href":"https:\/\/cela.edu.mx\/preparatoria\/wp-json\/wp\/v2\/comments?post=24512"}],"version-history":[{"count":0,"href":"https:\/\/cela.edu.mx\/preparatoria\/wp-json\/wp\/v2\/pages\/24512\/revisions"}],"wp:attachment":[{"href":"https:\/\/cela.edu.mx\/preparatoria\/wp-json\/wp\/v2\/media?parent=24512"}],"curies":[{"name":"wp","href":"https:\/\/api.w.org\/{rel}","templated":true}]}}